 number?
True
Is 67529272409 a composite number?
False
Is 338725630987 a prime number?
False
Is 7839098803 prime?
False
Is 362385013 a prime number?
True
Is 1090386403 composite?
False
Is 29807142383 a prime number?
False
Is 3394765883 composite?
False
Is 523740137 a prime number?
False
Is 11967145577 prime?
True
Is 27558434 prime?
False
Is 41426560085 prime?
False
Is 225516233 prime?
False
Is 44958289837 prime?
False
Is 366014952547 prime?
False
Is 31239748443 prime?
False
Is 57880687247 prime?
True
Is 19365058121 prime?
True
Is 10606391231 a prime number?
False
Is 14533805891 a composite number?
True
Is 22537153319 prime?
False
Is 676934707 composite?
False
Is 19399379 a prime number?
True
Is 1520845343 a prime number?
True
Is 4896993287 composite?
False
Is 10619407801 prime?
True
Is 80156724013 a composite number?
False
Is 6459715103 a prime number?
False
Is 716550240961 prime?
True
Is 15543076457 a prime number?
True
Is 14626389359 a composite number?
False
Is 1813449893 a composite number?
False
Is 1116927607 a prime number?
True
Is 1051520611 prime?
True
Is 937584257 a composite number?
True
Is 5798056951 composite?
True
Is 215113903 a prime number?
False
Is 7681527307 a composite number?
False
Is 75551165471 prime?
True
Is 22095369269 prime?
False
Is 2138549579 a prime number?
False
Is 1039438739 prime?
False
Is 340317961 a composite number?
True
Is 659476409 a composite number?
False
Is 528718787 prime?
True
Is 9446117 a composite number?
False
Is 1590095789 composite?
True
Is 3246532573 a composite number?
False
Is 3624298637 a prime number?
True
Is 186424999 a prime number?
False
Is 2576666119 a prime number?
False
Is 66440406463 a prime number?
False
Is 568797253 a composite number?
False
Is 272243437 composite?
True
Is 2441163 a prime number?
False
Is 941233661 composite?
True
Is 61436060249 composite?
True
Is 122350272643 a composite number?
False
Is 658190627 prime?
True
Is 682140541 composite?
False
Is 8663650214 a prime number?
False
Is 19700647 composite?
False
Is 1607640535 composite?
True
Is 1364890643 a composite number?
False
Is 15305160427 composite?
False
Is 322908277 prime?
False
Is 1389105307 prime?
False
Is 9242020871 a prime number?
True
Is 2931707057 composite?
False
Is 1996120487 a composite number?
True
Is 3267621553 a composite number?
True
Is 1145839195 a composite number?
True
Is 33641429537 composite?
False
Is 1621169603 a prime number?
True
Is 158262389 a prime number?
False
Is 2208000607 composite?
False
Is 29441975653 prime?
False
Is 2445444929 a prime number?
True
Is 138046517111 composite?
False
Is 2512218958 composite?
True
Is 3279783461 composite?
False
Is 11781138859 prime?
False
Is 19705769 a composite number?
False
Is 6111373819 a prime number?
False
Is 1336976273 a prime number?
False
Is 35167340869 prime?
True
Is 6518439139 a composite number?
False
Is 37180261619 a prime number?
True
Is 21455607521 prime?
True
Is 269271344383 prime?
False
Is 258935086 prime?
False
Is 906289114 a composite number?
True
Is 2587050997 a composite number?
False
Is 757589251 a composite number?
True
Is 1068725909 a prime number?
True
Is 23565996073 composite?
True
Is 7997445919 composite?
True
Is 1804174679 a composite number?
False
Is 74566981101 prime?
False
Is 282156691 prime?
False
Is 2921849533 a composite number?
False
Is 11290302857 a composite number?
True
Is 469089169 a prime number?
False
Is 125372238799 a composite number?
False
Is 67944647567 prime?
False
Is 13134019079 a prime number?
True
Is 1808130823 composite?
False
Is 14993393993 a prime number?
False
Is 364904243 composite?
True
Is 727610731 prime?
True
Is 8522812183 prime?
True
Is 1481732833 a prime number?
False
Is 44221450393 a prime number?
False
Is 1956753367 a composite number?
True
Is 8330564317 prime?
True
Is 23515423 a composite number?
False
Is 357008761 a prime number?
False
Is 6258030711 prime?
False
Is 17400625829 a composite number?
False
Is 78795565699 composite?
False
Is 12825678191 a composite number?
False
Is 480908599 prime?
True
Is 57544411831 composite?
False
Is 4279229489 a composite number?
True
Is 52291442483 a prime number?
False
Is 234374927 composite?
False
Is 5903675773 prime?
False
Is 89969171 a composite number?
True
Is 559168405 a prime number?
False
Is 47024577409 prime?
False
Is 21598347899 a composite number?
True
Is 4467926813 a composite number?
True
Is 12993235157 a prime number?
False
Is 8007312161 composite?
True
Is 6949794491 prime?
True
Is 24313265531 composite?
False
Is 11767894781 composite?
False
Is 4493157751 a prime number?
False
Is 518763121 prime?
True
Is 204645311021 prime?
True
Is 13321078753 composite?
False
Is 3974813461 a composite number?
False
Is 5746137161 a prime number?
False
Is 284152105 a prime number?
False
Is 249645359 prime?
True
Is 109631537 composite?
False
Is 704965441 a composite number?
True
Is 7143005047 composite?
False
Is 5425329269 a prime number?
False
Is 56017764337 a prime number?
False
Is 12861274189 a composite number?
False
Is 901261633 a prime number?
True
Is 9360010421 a prime number?
True
Is 2943535981 prime?
True
Is 15350853563 composite?
True
Is 4465624235 composite?
True
Is 2059829507 prime?
True
Is 9225293149 a composite number?
False
Is 34619813699 a composite number?
False
Is 577151273 a composite number?
True
Is 3830367173 a composite number?
True
Is 4211206793 prime?
False
Is 1446278903 a composite number?
True
Is 5937472453 a prime number?
False
Is 5479976239 composite?
True
Is 8916949 composite?
True
Is 34154108371 a prime number?
True
Is 5980949537 prime?
False
Is 826106461 composite?
False
Is 285421931 prime?
False
Is 477195847 a prime number?
True
Is 14878383721 prime?
False
Is 393507799 a prime number?
True
Is 50473957 a composite number?
True
Is 388922251 a composite number?
True
Is 2545275118 a prime number?
False
Is 129405473 a composite number?
False
Is 12273964397 composite?
True
Is 9216042109 composite?
True
Is 14016285571 prime?
True
Is 31246401323 a composite number?
True
Is 199864747 composite?
True
Is 2049773483 composite?
False
Is 2589647719 composite?
False
Is 9941105509 a composite number?
True
Is 1826900057 composite?
False
Is 24011104483 composite?
False
Is 4405011979 a prime number?
True
Is 6058552771 a prime number?
False
Is 2954230385 a prime number?
False
Is 8660653171 a prime number?
True
Is 2380752691 prime?
True
Is 104996747 a prime number?
False
Is 7680927785 composite?
True
Is 1024106455 a composite number?
True
Is 135521627 a composite number?
False
Is 27331327697 composite?
True
Is 5216200403 a prime number?
True
Is 158536760801 a composite number?
False
Is 3947234327 a prime number?
True
Is 136956451 prime?
True
Is 86033594113 a composite number?
False
Is 864942259 prime?
True
Is 359113549 a composite number?
True
Is 170406382891 a prime number?
False
Is 91343801 composite?
False
Is 747633919 prime?
True
Is 3266080801 a prime number?
True
Is 51479191 a prime number?
False
Is 814454087 prime?
False
Is 1558700189 a prime number?
True
Is 32626083381 prime?
False
Is 1853145913 a prime number?
False
Is 9793454161 composite?
True
Is 9662153173 a composite number?
False
Is 2853912517 a composite number?
False
Is 380911871 a composite number?
False
Is 549816913 composite?
True
Is 453892013 composite?
True
Is 4572371989 composite?
True
Is 4466146547 a prime number?
True
Is 8705746811 a composite number?
False
Is 4104910169 composite?
False
Is 12027541237 a prime number?
True
Is 315861337 prime?
False
Is 1357139419 a prime number?
False
Is 21752283801 composite?
True
Is 1147660499 composite?
False
Is 6361928851 a composite number?
True
Is 10026924977 prime?
True
Is 1907052859 a composite number?
True
Is 20292091099 prime?
False
Is 1588568771 prime?
False
Is 1853943083 a prime number?
False
Is 50766375089 prime?
True
Is 1423936447 a composite number?
False
Is 26744216189 a prime number?
True
Is 2279741077 a composite number?
True
Is 10974900799 composite?
True
Is 3583278883 composite?
False
Is 13120426483 composite?
False
Is 102111029 composite?
False
Is 953613811 a prime number?
True
Is 2403574231 composite?
True
Is 306904589 a composite number?
True
Is 133212137 a prime number?
False
Is 18184415521 a prime number?
True
Is 1786074431 a